0))/((-4)/10). Let c(b) = 4*b + b**3 - b**s - 2*b - b - 3*b**2. Give c(4).
4
Let g(k) be the second derivative of -2*k**3/3 + k**2 + 16*k. Suppose 4*u = y - 5 + 78, -4*u + 63 = y. Suppose -5*o + 5*d = -2 - 3, 4*o = -3*d - u. Give g(o).
10
Let s(a) = 6*a + 4. Suppose 0 = 4*b - 3*l + 31 - 0, -3*b + l - 17 = 0. What is s(b)?
-20
Let w(u) = -u + 2. Let k be w(0). Let c(o) = 0*o**2 + 3 - 4*o - o**2 + 2*o**k. Suppose -37*d - 91 = -165. Give c(d).
-1
Let x(v) = v - 3*v - 1 - v**2 + 3*v. Let y(o) = -o**3 + 9*o**2 + 2*o - 1. Let z(q) = 4*x(q) + y(q). Determine z(6).
-5
Let x(w) = -w**3 + 10*w**2 + 13*w - 16. Let g be x(11). Let s(f) = -f**2 + 8*f - 9. What is s(g)?
3
Let w(i) = 2*i + 6. Suppose 5 = 4*b - 3*b. Let x = -10 + b. What is w(x)?
-4
Let t(w) be the first derivative of -w**3/3 - 3*w**2/2 + 5*w + 2. What is t(-4)?
1
Let q(u) = -u + 10. Suppose -2*p - 4*a = 12, -5 = -4*p + 3*a + 4. Give q(p).
10
Let i(k) = 17*k**3 + k**2. Let l = 11 - 12. What is i(l)?
-16
Let l(a) = -a**2 - 3*a + 1. Let y(k) = -k**2 - 5*k + 8. Let q be y(-6). Let x be (-1)/q - 14/(-4). Let v be 2 - (0 + 2*x). Determine l(v).
-3
Let q(y) = 22*y**2 + 5. Let o(v) = 7*v**2 + 2. Let h(f) = 8*o(f) - 3*q(f). Suppose 0 = -2*w + 4 - 2. What is h(w)?
-9
Let i(c) = -20*c**2 + 4*c - 11. Let l(a) = 7*a**2 - a + 4. Let m(u) = -6*i(u) - 17*l(u). Give m(6).
-8
Let g(t) be the third derivative of -t**5/20 + t**3/3 - 33*t**2. Calculate g(-3).
-25
Let l(x) be the first derivative of x**3/3 - 2*x**2 + 2*x + 19. Calculate l(3).
-1
Let p(b) = b**2 + 4. Let d be p(0). Let g(t) = -d*t - 5*t**2 + 0*t**2 + 3*t + t**2. Determine g(1).
-5
Let u(v) = 2*v + 23. Let b be u(-11). Let l(z) = -10*z**3 + 2*z**2 - z. Calculate l(b).
-9
Let q be (2 + 16/(-5))*-10. Let j(h) = 14*h**2 + 10. Let d(o) = o**2 + 1. Let k(b) = q*d(b) - j(b). What is k(2)?
-6
Suppose 4*f - 5*f + 5 = 0. Let a(h) = 40*h + h**2 - 23*h + 4 - 24*h. What is a(f)?
-6
Let r = 27 + -1. Let k = r + -14. Suppose 0 = 2*p - 5*w + 37 - k, 0 = -5*w + 15. Let u(l) = -l**2 - 4*l + 7. Calculate u(p).
2
Let x(r) = r**3 + 6*r**2 + 4*r - 3. Let g(k) = k + 1. Let t be g(4). Suppose -3*m = -u + 20 - t, 0 = 4*u. Calculate x(m).
2
Suppose 1 = -4*i + 13. Suppose 5*v + 8 = 3*a, 4*a + 2 = i*v - 2. Let m(z) = z**2 + 6*z + 6. What is m(v)?
-2
Let k(c) be the second derivative of -3*c + 0 + 1/12*c**4 - 1/3*c**3 + c**2 + 1/20*c**5. Give k(-3).
-10
Suppose 22 = 3*m + 34. Let o(x) = x**2 + 4*x + 5. Give o(m).
5
Let g(f) = f**3 + 7*f**2 + 5*f - 4. Let b be g(-6). Let s = b + 3. Let y(m) be the first derivative of -m**2/2 - m - 1. What is y(s)?
-6
Let b(r) = -6*r + 64. Let i be b(10). Let q(t) = t**2 - 5*t - 5. Let l(d) = d**2 - 5*d - 5. Suppose 0*k + 18 = 3*k. Let z(n) = k*q(n) - 5*l(n). Calculate z(i).
-9
Let q(t) = -5*t**2 + 0*t - t**3 - 3*t + 2*t**2 + 0*t**2 + 2. Give q(-3).
11
Let a = 43 - 48. Let y(v) = v**3 + 5*v**2 + 6*v + 4. Determine y(a).
-26
Let u(q) = -4*q + 1. Let g(k) = k. Let n be 26/4 - (-3)/6. Suppose 2*l = p + n - 1, -3*l + 4*p + 9 = 0. Let s(h) = l*g(h) + u(h). Calculate s(3).
-2
Let j(n) be the first derivative of 5*n**3/6 - n**2 + 3*n + 2. Let o(i) be the first derivative of j(i). Give o(2).
8
Let j(q) = -q**3 + 2*q**2 + q - 2. Let a be j(2). Suppose 0 = z - 3. Suppose z + a = -u. Let t(y) = 3*y - 4. Give t(u).
-13
Let a(w) be the second derivative of w**4/12 + w**3/6 + 7*w**2/2 - w. Let y be a(0). Let v = 4 - y. Let n(g) = 3*g + 4. Give n(v).
-5
Suppose 0 = 4*j - 3*g - 17, -j - 3*g + 17 = -8*g. Let a(x) = 142*x**2 - j - 3 - 141*x**2 + 5*x. Let b(h) = 4*h + 3. Let c be b(-2). Determine a(c).
-5
Let t(i) = 3*i**2 + 4*i + 2. Let w be (3/(-3))/((-5)/(-10)). Give t(w).
6
Let l(d) = 4*d**2 + 8*d. Let u(x) = -3*x**2 - 5*x. Let j(h) = h**3 + 2*h**2 + 3*h + 1. Let q be j(-2). Let n(a) = q*l(a) - 7*u(a). Let f = -11 - -17. Give n(f).
6
Let s(p) = p**3 + 6*p**2 + 4*p - 6. Let o(i) = 2*i**3 + 12*i**2 + 8*i - 12. Let n(x) = -3*o(x) + 7*s(x). Determine n(-5).
-1
Let f(d) = -3 - d - 3*d**2 + 5 - d**3 + 0. Suppose -j = 2*j - 33. Let a = -13 + j. Calculate f(a).
0
Let q(f) = 3*f**3 + 10*f**2 + 3*f - 5. Let a(y) = -5*y**3 - 19*y**2 - 5*y + 10. Let m(t) = -4*a(t) - 7*q(t). What is m(6)?
-11
Suppose 3*w + 11 = 20. Let p = 10 + -7. Let y(i) = 2*i - w*i + p*i**2 + 0*i**2. Give y(1).
2
Let a(t) be the second derivative of t**3/6 + 8*t. What is a(1)?
1
Let i(s) = 43*s**2 + 4*s - 30*s**2 - 20*s**2 + s**3. Give i(6).
-12
Let c(w) be the first derivative of 1 - w**3 + 0*w**2 + w + 1/4*w**4. Calculate c(2).
-3
Let c be (-1)/(-2)*-2 - -4. Suppose -4*h + 4*j = -h + 22, c*h + 4*j = -14. Let b(z) = -z. What is b(h)?
6
Suppose -4*q - 8 = 5*s, 0 = q + 4*q - 2*s + 10. Let w be (q/3)/((-3)/9). Let z(m) = -5*m + 3. Calculate z(w).
-7
Let l(v) = 24 - 23 + 24*v + 7*v**2 - 24*v. Calculate l(-1).
8
Let i(u) = u**3 - u**2 + u - 1. Let h(r) = -r**3 - 2*r**2 + 2*r + 2. Let p(d) = h(d) + 2*i(d). What is p(3)?
3
Let a(w) = w - 4. Suppose 2*u + 5 = 2*s + 1, -5*s + 5 = -4*u. Determine a(s).
-7
Let l(f) be the third derivative of -f**6/120 + f**5/12 - f**4/12 - f**3 - 8*f**2. Let c be l(3). Let r(i) = 3*i - 9. What is r(c)?
9
Suppose -3*o - 17 = 19. Let v = o - -6. Let k(l) = l**2 + 8*l + 9. Determine k(v).
-3
Let u = -1 + 1. Suppose 2*f + 2 = u, -3*k + 5 = k + 3*f. Let s(m) = 7*m + 2 - 2*m - 3 + m**k. Determine s(-5).
-1
Let c(i) = -4*i + 5. Let b(s) = 7*s - 10. Let m(y) = -3*b(y) - 5*c(y). Calculate m(7).
-2
Let x(v) = 3*v**2 + 3*v + 3. Let d(k) = -8*k**2 - 8*k - 8. Let z(i) = -4*d(i) - 11*x(i). Calculate z(3).
-13
Let f(a) = 4*a - 7*a + 7 + a**2 + 11*a. Give f(-5).
-8
Let p be -2*(2/2 - -1). Let n(i) be the third derivative of i**7/5040 + i**6/80 + i**5/20 - i**2. Let v(z) be the third derivative of n(z). Calculate v(p).
5
Suppose 3*s + 9 = -0*s. Let t(a) = -a - 5. Give t(s).
-2
Let s be (-3 + 3 - 2)*-3. Let n(t) = t**2 - 6*t. Give n(s).
0
Let m(o) = 3 + 2*o + o**2 - 3. Let t = -91 - -88. Give m(t).
3
Let r(x) = -2*x**2 - 4*x - 1. Let j be 1*-3*1/1. Calculate r(j).
-7
Let z(h) be the first derivative of -h**6/180 - h**5/40 - h**4/8 - 2*h**3/3 + 2. Let p(t) be the third derivative of z(t). Give p(-2).
-5
Let f(l) be the third derivative of l**6/120 - 7*l**5/60 + l**4/3 - l**3/3 - 12*l**2. What is f(6)?
10
Let g(q) = -q**2 - 5*q. Let a(h) = h + 1. Let x(v) = 4*a(v) + g(v). Suppose 0 = -4*d + 2*d. Determine x(d).
4
Let p(f) = 7*f + 6. Let l(j) = -8*j + 14. Let o(m) = -3*m + 5. Let y(b) = -4*l(b) + 11*o(b). Let r(n) = -6*p(n) - 39*y(n). Determine r(2).
-3
Let l(u) = -u**2 - 5*u - 2. Suppose 2*n = 6, n + 9 = 4*k + 4*n. Suppose 6 + k = 2*i. Suppose -2*o + o = i*d + 13, 0 = -3*o + 2*d - 6. Calculate l(o).
2
Let i(l) = l**3 + 3*l**2 - 4*l - 2. Let c be i(-4). Let u be ((-21)/(-6) + c)*-2. Let d(k) = -4 - 2*k + 4 + 3*k. Give d(u).
-3
Suppose 5*o - 11 = -1. Let x(v) = -3*v - o - 2*v**3 + 3*v**2 + 4 + v. Suppose -3*c + 7 = 1. Calculate x(c).
-6
Let n(k) = 6 + k**2 - k + 3*k - 3*k. Determine n(0).
6
Let q(h) = -h**2 + 2*h - 1. Let j = 18 + -17. Give q(j).
0
Let q(x) = -2*x**2 - 2 - 2 - 12*x + 3*x**2 + 2*x. Calculate q(10).
-4
Suppose -2*x - 2*m = -4*m + 14, 0 = 3*x + m + 17. Let o(t) = -26 - 8*t - t**2 - 35 + 52. What is o(x)?
3
Let i(p) be the third derivative of p**6/120 - p**3/6 + 11*p**2. Give i(-1).
-2
Let z(v) = -5*v + 0*v**2 + 6 + 3*v - 2*v**2 + 0*v**2. Let o(d) = d**2 + d. Let g(a) = 3*o(a) + z(a). What is g(0)?
6
Let c(q) = -6*q + 3*q**2 - 4*q - 5*q**2 + 3*q**2 + 3. Determine c(10).
3
Let r(j) = 6*j + 7. Let s be (-6)/(-9) + (-22)/6. Let g(i) = 7*i + 8. Let f(a) = s*g(a) + 4*r(a). Calculate f(3).
13
Suppose 3*a = -2*a + s + 20, -5*a + 35 = 2*s. Let i(w) = -w**2 - 2*w - 1. Let b be i(-3). Let n = a + b. Let r(x) = 3*x**3 - x**2 + 2*x - 1. Give r(n).
3
Let k(b) = b - 1. Let t be (-1)/(2/10*-1). Suppose 0 = -5*y - t*q + 4*q - 14, y + q + 2 = 0. Give k(y).
-4
Let a(o) = -o**3 + 3*o**2 + 10*o + 7. Let f be a(5). Let v(p) = p**2 - 10*p + 7. Determine v(f).
-14
Let t(k) be the first derivative of k**3 - 4*k + 2. Let l(f) = -f**2 - f + 1. Let q(m) = -2*l(m) - t(m). Let c be 8/6*6/(-4). Determine q(c).
-6
Let h(u) be the third derivative of -u**5/60 - u**4/24 + 10*u**3/3 - 26*u**2. Determine h(0).
20
Let z(u) = -3*u**3 - u**2 - u. Let j be z(-1). Let a(m) = m**3 - 4*m**2 + 3. What is a(j)?
-6
Let l(v) =